{"id":673,"date":"2020-05-10T19:26:36","date_gmt":"2020-05-10T22:26:36","guid":{"rendered":"https:\/\/intranet.ophthal.com.br\/?page_id=673"},"modified":"2026-03-19T08:21:16","modified_gmt":"2026-03-19T11:21:16","slug":"doc-105-procedimentos-oftalmologicos-eletivos-e-gratuitos","status":"publish","type":"page","link":"https:\/\/intranet.ophthal.com.br\/?page_id=673","title":{"rendered":"DOC &#8211; 105 &#8211; PROCEDIMENTOS OFTALMOL\u00d3GICOS ELETIVOS E GRATUITOS"},"content":{"rendered":"<p>&nbsp;<\/p>\n<a class=\"maxbutton-1 maxbutton maxbutton-aut-amil\" href=\"https:\/\/intranet.ophthal.com.br\/?page_id=568\"><span class='mb-text'>VOLTAR<\/span><\/a>\n<p>&nbsp;<\/p>\n<table style=\"width: 100%; border-collapse: collapse; border-color: #000000; border-style: solid;\" border=\"1\">\n<tbody>\n<tr>\n<td style=\"width: 272px; border-style: solid; border-color: #000000;\"><img decoding=\"async\" class=\"wp-image-345 aligncenter\" src=\"https:\/\/intranet.ophthal.com.br\/wp-content\/uploads\/2020\/03\/5x3_logo-300x200.jpg\" alt=\"\" width=\"189\" height=\"126\" srcset=\"https:\/\/intranet.ophthal.com.br\/wp-content\/uploads\/2020\/03\/5x3_logo-300x200.jpg 300w, https:\/\/intranet.ophthal.com.br\/wp-content\/uploads\/2020\/03\/5x3_logo.jpg 591w\" sizes=\"(max-width: 189px) 100vw, 189px\" \/><\/td>\n<td style=\"width: 271px; border-style: solid; border-color: #000000; text-align: center;\"><span style=\"font-family: arial black, sans-serif;\"><b>NORMA<\/b><\/span><\/td>\n<td style=\"width: 272px; border-style: solid; border-color: #000000;\">\n<p style=\"text-align: center;\"><span style=\"font-family: 'arial black', sans-serif;\"><strong>PAGINA<\/strong><\/span><\/p>\n<p style=\"text-align: center;\"><span style=\"font-family: 'arial black', sans-serif;\"><strong>1 DE 1<\/strong><\/span><\/p>\n<\/td>\n<\/tr>\n<\/tbody>\n<\/table>\n<table style=\"width: 100%; border-collapse: collapse; border-style: solid; border-color: #000000; height: 24px;\" border=\"1\">\n<tbody>\n<tr style=\"height: 24px;\">\n<td style=\"width: 50%; height: 24px; border-style: solid; border-color: #000000; text-align: center;\"><span style=\"font-family: 'arial black', sans-serif;\"><strong>RECURSOS HUMANOS<\/strong><\/span><\/td>\n<td style=\"width: 50%; height: 24px; border-style: solid; border-color: #000000; text-align: center;\"><span style=\"font-family: 'arial black', sans-serif;\"><strong>IMPLANTA\u00c7\u00c3O: 04\/2019<\/strong><\/span><\/td>\n<\/tr>\n<\/tbody>\n<\/table>\n<table style=\"width: 100%; border-collapse: collapse; border-style: solid; border-color: #000000;\" border=\"1\">\n<tbody>\n<tr>\n<td style=\"width: 33.3333%; border-style: solid; border-color: #000000; text-align: center;\"><span style=\"font-family: 'arial black', sans-serif;\"><strong>DOC n\u00ba 105<\/strong><\/span><\/td>\n<td style=\"width: 33.3333%; border-style: solid; border-color: #000000; text-align: center;\"><span style=\"font-family: 'arial black', sans-serif;\"><strong>REVIS\u00c3O: n\u00ba 04\u00a0 05\/2025<\/strong><\/span><\/td>\n<td style=\"width: 33.3333%; border-style: solid; border-color: #000000; text-align: center;\"><span style=\"font-family: 'arial black', sans-serif;\"><strong>PR\u00d3XIMA REVIS\u00c3O: 05\/2027<\/strong><\/span><\/td>\n<\/tr>\n<\/tbody>\n<\/table>\n<table style=\"width: 100%; border-collapse: collapse; height: 24px;\" border=\"1\">\n<tbody>\n<tr style=\"height: 24px;\">\n<td style=\"width: 100%; height: 24px; border-style: solid; border-color: #000000; text-align: center;\"><span style=\"font-family: 'arial black', sans-serif;\"><strong>PROCEDIMENTOS OFTALMOL\u00d3GICOS ELETIVOS E GRATUITOS &#8211; COLABORADORES E DEPENDENTES.<\/strong><\/span><\/td>\n<\/tr>\n<\/tbody>\n<\/table>\n<p>&nbsp;<\/p>\n<ol>\n<li><span style=\"font-family: arial, helvetica, sans-serif;\"><strong>OBJETIVO<\/strong><\/span><\/li>\n<\/ol>\n<p><span style=\"font-family: arial, helvetica, sans-serif;\"><strong>\u00a0<\/strong><\/span><\/p>\n<p><span style=\"font-family: arial, helvetica, sans-serif;\">Estabelecer crit\u00e9rios para autoriza\u00e7\u00e3o e realiza\u00e7\u00e3o de procedimentos oftalmol\u00f3gicos gratuitos dos colaboradores e seus dependentes, independente do tipo de procedimento: cirurgias consultas ou exames.<\/span><\/p>\n<p>&nbsp;<\/p>\n<ol start=\"2\">\n<li><span style=\"font-family: arial, helvetica, sans-serif;\"><strong>APLICA\u00c7\u00c3O<\/strong><\/span><\/li>\n<\/ol>\n<p><span style=\"font-family: arial, helvetica, sans-serif;\"><strong>\u00a0<\/strong><\/span><\/p>\n<p><span style=\"font-family: arial, helvetica, sans-serif;\">Todos os colaboradores.<\/span><\/p>\n<p>&nbsp;<\/p>\n<ol start=\"3\">\n<li><span style=\"font-family: arial, helvetica, sans-serif;\"><strong>RESPONSABILIDADES<\/strong><\/span><\/li>\n<\/ol>\n<p><span style=\"font-family: arial, helvetica, sans-serif;\"><strong>\u00a0<\/strong><\/span><\/p>\n<p><span style=\"font-family: arial, helvetica, sans-serif;\">Todos os gestores.<\/span><\/p>\n<p>&nbsp;<\/p>\n<ol start=\"4\">\n<li><span style=\"font-family: arial, helvetica, sans-serif;\"><strong>NORMAS<\/strong><\/span><\/li>\n<\/ol>\n<p><span style=\"font-family: arial, helvetica, sans-serif;\"><strong>\u00a0<\/strong><\/span><\/p>\n<p style=\"padding-left: 40px;\"><span style=\"font-family: arial, helvetica, sans-serif;\"><strong>4.1.<\/strong> Essa NO estabelece normas e procedimentos para realiza\u00e7\u00e3o de procedimentos oftalmol\u00f3gicos gratuitos aos colaboradores e seus dependentes.<\/span><\/p>\n<p style=\"padding-left: 40px;\"><span style=\"font-family: arial, helvetica, sans-serif;\"><strong>4.2.<\/strong> Somente os gestores est\u00e3o autorizados a solicitar autoriza\u00e7\u00e3o \u00e0 Ger\u00eancia de Recursos Humanos e Consultoria Administrativa para realiza\u00e7\u00e3o de procedimentos oftalmol\u00f3gicos gratuitos dos colaboradores e seus dependentes; estando terminantemente proibido qualquer colaborador de faz\u00ea-lo, sendo imediatamente cancelado o procedimento de qualquer natureza em caso de descumprimento desta norma.<\/span><\/p>\n<p>&nbsp;<\/p>\n<p>&nbsp;<\/p>\n<p>&nbsp;<\/p>\n<p>&nbsp;<\/p>\n<table style=\"width: 94.5506%; height: 129px;\" width=\"623\">\n<tbody>\n<tr style=\"height: 33px;\">\n<td style=\"width: 16.2903%; border-color: #000000; border-style: solid; background-color: #ded9d9; height: 33px;\" width=\"99\"><span style=\"font-family: arial, helvetica, sans-serif;\"><strong>REVIS\u00c3O<\/strong><\/span><\/td>\n<td style=\"width: 16.6129%; border-color: #000000; border-style: solid; background-color: #ded9d9; height: 33px;\" width=\"100\"><span style=\"font-family: arial, helvetica, sans-serif;\"><strong>DATA<\/strong><\/span><\/td>\n<td style=\"width: 176.452%; border-color: #000000; border-style: solid; background-color: #ded9d9; height: 33px;\" width=\"424\"><span style=\"font-family: arial, helvetica, sans-serif;\"><strong>DESCRI\u00c7\u00c3O DO ITEM<\/strong><\/span><\/td>\n<\/tr>\n<tr style=\"height: 96px;\">\n<td style=\"width: 16.2903%; border-style: solid; border-color: #000000; height: 96px;\" width=\"99\">\n<p style=\"text-align: center;\"><span style=\"font-family: arial, helvetica, sans-serif;\">01<\/span><\/p>\n<\/td>\n<td style=\"width: 16.6129%; border-style: solid; border-color: #000000; height: 96px;\" width=\"100\">\n<p style=\"text-align: center;\"><span style=\"font-family: arial, helvetica, sans-serif;\">16.03.2021<\/span><\/p>\n<\/td>\n<td style=\"width: 176.452%; border-style: solid; border-color: #000000; height: 96px;\" width=\"424\"><span style=\"font-family: arial, helvetica, sans-serif;\">Atualiza\u00e7\u00e3o do item:<\/span><\/p>\n<p><span style=\"font-family: arial, helvetica, sans-serif;\">4.2-atualiza\u00e7\u00e3o dos autorizadores;<\/span><\/td>\n<\/tr>\n<\/tbody>\n<\/table>\n<p>&nbsp;<\/p>\n<table style=\"width: 100%; border-collapse: collapse; border-style: solid; border-color: #000000;\" border=\"1\">\n<tbody>\n<tr>\n<td style=\"width: 34.0007%;\"><span style=\"font-family: 'arial black', sans-serif;\"><strong><span style=\"font-size: 8pt;\">Elabora\u00e7\u00e3o<\/span><\/strong><\/span><br \/>\n<span style=\"font-family: arial, helvetica, sans-serif;\"><span style=\"font-size: 10.6667px;\"> <span style=\"font-size: 8pt; font-family: arial, helvetica, sans-serif;\">Salete Andrade \u2013 Gerencia RH<\/span><\/span><\/span><\/td>\n<td style=\"width: 32.6659%;\"><span style=\"font-family: 'arial black', sans-serif;\"><strong><span style=\"font-size: 8pt;\">Revis\u00e3o<\/span><\/strong><\/span><br \/>\n<span style=\"font-family: arial, helvetica, sans-serif;\"><span style=\"font-size: 10.6667px;\"> <span style=\"font-size: 8pt; font-family: arial, helvetica, sans-serif;\">Salete Andrade \u2013 Gerencia RH<\/span><\/span><\/span><\/td>\n<td style=\"width: 33.3333%;\"><span style=\"font-family: 'arial black', sans-serif;\"><strong><span style=\"font-size: 8pt;\">Aprova\u00e7\u00e3o<\/span><\/strong><\/span><br \/>\n<span style=\"font-size: 8pt; font-family: arial, helvetica, sans-serif;\">\u00a0Dr Nelson M. Fukushima &#8211; S\u00f3cio-Diretor<\/span><\/td>\n<\/tr>\n<\/tbody>\n<\/table>\n","protected":false},"excerpt":{"rendered":"<p>&nbsp; &nbsp; NORMA PAGINA 1 DE 1 RECURSOS HUMANOS IMPLANTA\u00c7\u00c3O: 04\/2019 DOC n\u00ba 105 REVIS\u00c3O: n\u00ba 04\u00a0 05\/2025 PR\u00d3XIMA REVIS\u00c3O: 05\/2027 PROCEDIMENTOS OFTALMOL\u00d3GICOS ELETIVOS E GRATUITOS &#8211; COLABORADORES E DEPENDENTES. &nbsp; OBJETIVO \u00a0 Estabelecer crit\u00e9rios para autoriza\u00e7\u00e3o e realiza\u00e7\u00e3o de procedimentos oftalmol\u00f3gicos gratuitos dos colaboradores e seus dependentes, independente do tipo de procedimento: cirurgias consultas [&hellip;]<\/p>\n","protected":false},"author":1,"featured_media":0,"parent":568,"menu_order":0,"comment_status":"closed","ping_status":"closed","template":"blank-page-with-container.php","meta":{"footnotes":""},"class_list":["post-673","page","type-page","status-publish","hentry"],"_links":{"self":[{"href":"https:\/\/intranet.ophthal.com.br\/index.php?rest_route=\/wp\/v2\/pages\/673","targetHints":{"allow":["GET"]}}],"collection":[{"href":"https:\/\/intranet.ophthal.com.br\/index.php?rest_route=\/wp\/v2\/pages"}],"about":[{"href":"https:\/\/intranet.ophthal.com.br\/index.php?rest_route=\/wp\/v2\/types\/page"}],"author":[{"embeddable":true,"href":"https:\/\/intranet.ophthal.com.br\/index.php?rest_route=\/wp\/v2\/users\/1"}],"replies":[{"embeddable":true,"href":"https:\/\/intranet.ophthal.com.br\/index.php?rest_route=%2Fwp%2Fv2%2Fcomments&post=673"}],"version-history":[{"count":6,"href":"https:\/\/intranet.ophthal.com.br\/index.php?rest_route=\/wp\/v2\/pages\/673\/revisions"}],"predecessor-version":[{"id":2816,"href":"https:\/\/intranet.ophthal.com.br\/index.php?rest_route=\/wp\/v2\/pages\/673\/revisions\/2816"}],"up":[{"embeddable":true,"href":"https:\/\/intranet.ophthal.com.br\/index.php?rest_route=\/wp\/v2\/pages\/568"}],"wp:attachment":[{"href":"https:\/\/intranet.ophthal.com.br\/index.php?rest_route=%2Fwp%2Fv2%2Fmedia&parent=673"}],"curies":[{"name":"wp","href":"https:\/\/api.w.org\/{rel}","templated":true}]}}