{"id":670,"date":"2020-05-10T19:21:14","date_gmt":"2020-05-10T22:21:14","guid":{"rendered":"https:\/\/intranet.ophthal.com.br\/?page_id=670"},"modified":"2021-04-27T14:15:59","modified_gmt":"2021-04-27T17:15:59","slug":"doc-104-vendas-no-ambiente-de-trabalho","status":"publish","type":"page","link":"https:\/\/intranet.ophthal.com.br\/?page_id=670","title":{"rendered":"DOC &#8211; 104 &#8211; VENDAS NO AMBIENTE DE TRABALHO"},"content":{"rendered":"<p>&nbsp;<\/p>\n<a class=\"maxbutton-1 maxbutton maxbutton-aut-amil\" href=\"https:\/\/intranet.ophthal.com.br\/?page_id=568\"><span class='mb-text'>VOLTAR<\/span><\/a>\n<p>&nbsp;<\/p>\n<table style=\"width: 100%; border-collapse: collapse; border-color: #000000; border-style: solid;\" border=\"1\">\n<tbody>\n<tr>\n<td style=\"width: 272px; border-style: solid; border-color: #000000;\"><img decoding=\"async\" class=\"wp-image-345 aligncenter\" src=\"https:\/\/intranet.ophthal.com.br\/wp-content\/uploads\/2020\/03\/5x3_logo-300x200.jpg\" alt=\"\" width=\"189\" height=\"126\" srcset=\"https:\/\/intranet.ophthal.com.br\/wp-content\/uploads\/2020\/03\/5x3_logo-300x200.jpg 300w, https:\/\/intranet.ophthal.com.br\/wp-content\/uploads\/2020\/03\/5x3_logo.jpg 591w\" sizes=\"(max-width: 189px) 100vw, 189px\" \/><\/td>\n<td style=\"width: 271px; border-style: solid; border-color: #000000; text-align: center;\"><span style=\"font-family: arial black, sans-serif;\"><b>NORMAS<\/b><\/span><\/td>\n<td style=\"width: 272px; border-style: solid; border-color: #000000;\">\n<p style=\"text-align: center;\"><span style=\"font-family: 'arial black', sans-serif;\"><strong>PAGINA<\/strong><\/span><\/p>\n<p style=\"text-align: center;\"><span style=\"font-family: 'arial black', sans-serif;\"><strong>1 DE 1<\/strong><\/span><\/p>\n<\/td>\n<\/tr>\n<\/tbody>\n<\/table>\n<table style=\"width: 100%; border-collapse: collapse; border-style: solid; border-color: #000000; height: 24px;\" border=\"1\">\n<tbody>\n<tr style=\"height: 24px;\">\n<td style=\"width: 50%; height: 24px; border-style: solid; border-color: #000000; text-align: center;\"><span style=\"font-family: 'arial black', sans-serif;\"><strong>RECURSOS HUMANOS<\/strong><\/span><\/td>\n<td style=\"width: 50%; height: 24px; border-style: solid; border-color: #000000; text-align: center;\"><span style=\"font-family: 'arial black', sans-serif;\"><strong>IMPLANTA\u00c7\u00c3O: 04\/2019<\/strong><\/span><\/td>\n<\/tr>\n<\/tbody>\n<\/table>\n<table style=\"width: 100%; border-collapse: collapse; border-style: solid; border-color: #000000;\" border=\"1\">\n<tbody>\n<tr>\n<td style=\"width: 33.3333%; border-style: solid; border-color: #000000; text-align: center;\"><span style=\"font-family: 'arial black', sans-serif;\"><strong>DOC n\u00ba 104<\/strong><\/span><\/td>\n<td style=\"width: 33.3333%; border-style: solid; border-color: #000000; text-align: center;\"><span style=\"font-family: 'arial black', sans-serif;\"><strong>REVIS\u00c3O: n\u00ba 01 &#8211; 03\/2021<\/strong><\/span><\/td>\n<td style=\"width: 33.3333%; border-style: solid; border-color: #000000; text-align: center;\"><span style=\"font-family: 'arial black', sans-serif;\"><strong>PR\u00d3XIMA REVIS\u00c3O: 03\/2023<\/strong><\/span><\/td>\n<\/tr>\n<\/tbody>\n<\/table>\n<table style=\"width: 100%; border-collapse: collapse; height: 24px;\" border=\"1\">\n<tbody>\n<tr style=\"height: 24px;\">\n<td style=\"width: 100%; height: 24px; border-style: solid; border-color: #000000; text-align: center;\"><span style=\"font-family: 'arial black', sans-serif;\"><strong>VENDAS &#8211; AMBIENTE DE TRABALHO<\/strong><\/span><\/td>\n<\/tr>\n<\/tbody>\n<\/table>\n<ol>\n<li><span style=\"font-family: arial, helvetica, sans-serif;\"><strong>OBJETIVO<\/strong><\/span><\/li>\n<\/ol>\n<p><span style=\"font-family: arial, helvetica, sans-serif;\"><strong>\u00a0<\/strong><\/span><\/p>\n<p><span style=\"font-family: arial, helvetica, sans-serif;\">Vetar todo e qualquer tipo de venda no ambiente de trabalho.<\/span><\/p>\n<p>&nbsp;<\/p>\n<ol start=\"2\">\n<li><span style=\"font-family: arial, helvetica, sans-serif;\"><strong>APLICA\u00c7\u00c3O<\/strong><\/span><\/li>\n<\/ol>\n<p><span style=\"font-family: arial, helvetica, sans-serif;\"><strong>\u00a0<\/strong><\/span><\/p>\n<p><span style=\"font-family: arial, helvetica, sans-serif;\">Todos os colaboradores.<\/span><\/p>\n<ol start=\"3\">\n<li><span style=\"font-family: arial, helvetica, sans-serif;\"><strong>RESPONSABILIDADES<\/strong><\/span><\/li>\n<\/ol>\n<p><span style=\"font-family: arial, helvetica, sans-serif;\"><strong>\u00a0<\/strong><\/span><\/p>\n<p><span style=\"font-family: arial, helvetica, sans-serif;\">Todos os gestores.<\/span><\/p>\n<p>&nbsp;<\/p>\n<ol start=\"4\">\n<li><span style=\"font-family: arial, helvetica, sans-serif;\"><strong>NORMAS<\/strong><\/span><\/li>\n<\/ol>\n<p><span style=\"font-family: arial, helvetica, sans-serif;\"><strong>\u00a0<\/strong><\/span><\/p>\n<p style=\"padding-left: 40px;\"><span style=\"font-family: arial, helvetica, sans-serif;\">4.1. Essa NO estabelece normas e procedimentos para realiza\u00e7\u00e3o de procedimentos oftalmol\u00f3gicos gratuitos aos colaboradores e seus dependentes.<\/span><\/p>\n<p style=\"padding-left: 40px;\"><span style=\"font-family: arial, helvetica, sans-serif;\">4.2. Somente os gestores est\u00e3o autorizados a solicitar autoriza\u00e7\u00e3o \u00e0 Ger\u00eancia de Recursos Humanos e Consultoria Administrativa para realiza\u00e7\u00e3o de procedimentos oftalmol\u00f3gicos gratuitos dos colaboradores e seus dependentes; estando terminantemente proibido qualquer colaborador de faz\u00ea-lo, sendo imediatamente cancelado o procedimento de qualquer natureza em caso de descumprimento desta norma.<\/span><\/p>\n<p>&nbsp;<\/p>\n<table style=\"width: 97.1509%;\" width=\"623\">\n<tbody>\n<tr>\n<td style=\"width: 16.2903%; border-style: solid; background-color: #d6d2d2; border-color: #000000;\" width=\"99\"><span style=\"font-family: arial, helvetica, sans-serif;\"><strong>REVIS\u00c3O<\/strong><\/span><\/td>\n<td style=\"width: 16.6129%; border-style: solid; background-color: #d6d2d2; border-color: #000000;\" width=\"100\"><span style=\"font-family: arial, helvetica, sans-serif;\"><strong>DATA<\/strong><\/span><\/td>\n<td style=\"width: 182.258%; border-style: solid; background-color: #d6d2d2; border-color: #000000;\" width=\"424\"><span style=\"font-family: arial, helvetica, sans-serif;\"><strong>DESCRI\u00c7\u00c3O DO ITEM<\/strong><\/span><\/td>\n<\/tr>\n<tr>\n<td style=\"width: 16.2903%; border-style: solid; border-color: #000000; text-align: center;\" width=\"99\"><span style=\"font-family: arial, helvetica, sans-serif;\">01<\/span><\/td>\n<td style=\"width: 16.6129%; border-style: solid; border-color: #000000; text-align: center;\" width=\"100\"><span style=\"font-family: arial, helvetica, sans-serif;\">16.03.2021<\/span><\/td>\n<td style=\"width: 182.258%; border-style: solid; border-color: #000000; text-align: center;\" width=\"424\">\n<p style=\"text-align: left;\"><span style=\"font-family: arial, helvetica, sans-serif;\">Atualiza\u00e7\u00e3o do item:<\/span><\/p>\n<p style=\"text-align: left;\"><span style=\"font-family: arial, helvetica, sans-serif;\">4.2-atualiza\u00e7\u00e3o dos autorizadores;<\/span><\/p>\n<\/td>\n<\/tr>\n<\/tbody>\n<\/table>\n<p>&nbsp;<\/p>\n<p>&nbsp;<\/p>\n<table style=\"width: 100%; border-collapse: collapse; border-style: solid; border-color: #000000;\" border=\"1\">\n<tbody>\n<tr>\n<td style=\"width: 34.0007%;\"><span style=\"font-family: 'arial black', sans-serif;\"><strong><span style=\"font-size: 8pt;\">Elabora\u00e7\u00e3o<\/span><\/strong><\/span><br \/>\n<span style=\"font-size: 8pt; font-family: arial, helvetica, sans-serif;\">Salete Andrade &#8211; Gerente de RH<\/span><\/td>\n<td style=\"width: 32.6659%;\"><span style=\"font-family: 'arial black', sans-serif;\"><strong><span style=\"font-size: 8pt;\">Revis\u00e3o<\/span><\/strong><\/span><br \/>\n<span style=\"font-size: 8pt; font-family: arial, helvetica, sans-serif;\">Salete Andrade &#8211; Gerente de RH<\/span><\/td>\n<td style=\"width: 33.3333%;\"><span style=\"font-family: 'arial black', sans-serif;\"><strong><span style=\"font-size: 8pt;\">Aprova\u00e7\u00e3o<\/span><\/strong><\/span><br \/>\n<span style=\"font-size: 8pt; font-family: arial, helvetica, sans-serif;\">Dr Nelson M. fukushima &#8211; S\u00f3cio-Diretor<br \/>\n<\/span><\/td>\n<\/tr>\n<\/tbody>\n<\/table>\n","protected":false},"excerpt":{"rendered":"<p>&nbsp; &nbsp; NORMAS PAGINA 1 DE 1 RECURSOS HUMANOS IMPLANTA\u00c7\u00c3O: 04\/2019 DOC n\u00ba 104 REVIS\u00c3O: n\u00ba 01 &#8211; 03\/2021 PR\u00d3XIMA REVIS\u00c3O: 03\/2023 VENDAS &#8211; AMBIENTE DE TRABALHO OBJETIVO \u00a0 Vetar todo e qualquer tipo de venda no ambiente de trabalho. &nbsp; APLICA\u00c7\u00c3O \u00a0 Todos os colaboradores. RESPONSABILIDADES \u00a0 Todos os gestores. &nbsp; NORMAS \u00a0 4.1. [&hellip;]<\/p>\n","protected":false},"author":1,"featured_media":0,"parent":568,"menu_order":0,"comment_status":"closed","ping_status":"closed","template":"blank-page-with-container.php","meta":{"footnotes":""},"class_list":["post-670","page","type-page","status-publish","hentry"],"_links":{"self":[{"href":"https:\/\/intranet.ophthal.com.br\/index.php?rest_route=\/wp\/v2\/pages\/670","targetHints":{"allow":["GET"]}}],"collection":[{"href":"https:\/\/intranet.ophthal.com.br\/index.php?rest_route=\/wp\/v2\/pages"}],"about":[{"href":"https:\/\/intranet.ophthal.com.br\/index.php?rest_route=\/wp\/v2\/types\/page"}],"author":[{"embeddable":true,"href":"https:\/\/intranet.ophthal.com.br\/index.php?rest_route=\/wp\/v2\/users\/1"}],"replies":[{"embeddable":true,"href":"https:\/\/intranet.ophthal.com.br\/index.php?rest_route=%2Fwp%2Fv2%2Fcomments&post=670"}],"version-history":[{"count":6,"href":"https:\/\/intranet.ophthal.com.br\/index.php?rest_route=\/wp\/v2\/pages\/670\/revisions"}],"predecessor-version":[{"id":2066,"href":"https:\/\/intranet.ophthal.com.br\/index.php?rest_route=\/wp\/v2\/pages\/670\/revisions\/2066"}],"up":[{"embeddable":true,"href":"https:\/\/intranet.ophthal.com.br\/index.php?rest_route=\/wp\/v2\/pages\/568"}],"wp:attachment":[{"href":"https:\/\/intranet.ophthal.com.br\/index.php?rest_route=%2Fwp%2Fv2%2Fmedia&parent=670"}],"curies":[{"name":"wp","href":"https:\/\/api.w.org\/{rel}","templated":true}]}}